 and k?
7
Let n(p) = 10*p**2 + 6*p + 10. Let c be n(-3). Calculate the highest common factor of 41 and c.
41
Let n be -3*3*-1*-1. Let p(a) = a**2 + 7*a - 2. Let s be p(n). What is the highest common divisor of s and 24?
8
Suppose 2*s - 31 - 3 = 0. What is the highest common divisor of s and 34?
17
Let v be (-1 - -3)*9/6. Let z = 24 - v. Calculate the highest common divisor of 7 and z.
7
Let t = 64 - 45. Suppose -4*j + t = -53. Calculate the highest common divisor of j and 2.
2
Suppose 10*x = 9*x + 187. What is the greatest common divisor of x and 17?
17
Suppose 3*y - 144 = -3*m, 2*y + 24 + 30 = m. Let l be (-136)/(-14) - 8/(-28). What is the greatest common factor of m and l?
10
Let p be (-11)/(-3) - (-3)/9. Suppose 5*c + 14 = p. Let g be ((-3)/4)/(c/152). Calculate the greatest common divisor of g and 38.
19
Let p = 2 + -2. Suppose p*r + 3*r = 6. Calculate the highest common divisor of r and 6.
2
Suppose 286 = -4*c + 106. Let o be 3 - c/(1 - 0). What is the highest common divisor of 32 and o?
16
Suppose -2*d = 4*s - 12 - 2, -5*s + 23 = -3*d. What is the greatest common factor of 28 and s?
4
Suppose -4*d = d + 50. Let l be (-5)/(d/4) + 12. Let k = 2 - 0. What is the greatest common factor of l and k?
2
Let n be ((-6)/9)/(1/3). Let d = -2 - n. Suppose d*w - w + 4 = 0. What is the highest common factor of w and 2?
2
Let z(j) = j + 22. Let u be z(12). Suppose 5*a - 11 = u. Calculate the greatest common divisor of 1 and a.
1
Suppose -21 = 4*p - p. Let h(u) = -4*u - 5. Let y be h(p). What is the highest common divisor of 23 and y?
23
Let g be (2 - -7)/(9/6). What is the highest common factor of g and 4?
2
Let q(p) = 2*p**2 + 2*p - 5. Let l be q(-6). Suppose 4*g - j = l, -5*g + 75 = -0*g + 5*j. What is the greatest common divisor of g and 70?
14
Let x(r) = 2*r - 1. Let g be x(3). Suppose 4*o = g*o - 16. What is the greatest common factor of o and 4?
4
Let m = -9 - -17. What is the highest common divisor of m and 20?
4
Let v(r) = -7*r - 59. Let w be v(-10). What is the highest common divisor of 121 and w?
11
Let d be ((-66)/(-55))/(6/160). What is the greatest common divisor of 48 and d?
16
Let x(m) = -m - 10 - 2*m + 14*m + 0*m. Let k be x(10). Let a be (-60)/(-9)*6/2. Calculate the greatest common divisor of a and k.
20
Let v = 767 + -407. What is the highest common divisor of v and 36?
36
Suppose -4*u + 606 - 190 = 0. Let r be 8/(-52) + 282/(-26). Let j = 24 + r. What is the highest common divisor of u and j?
13
Let g be (-5)/(-30) + (-430)/(-12). What is the greatest common divisor of 4 and g?
4
Let f be 65/3 + (-2)/(-6). Let w be (f/8)/(3/12). Let m(v) = v**2 - v - 1. Let r be m(4). What is the highest common factor of r and w?
11
Let c be (-192)/(-14) - (-34)/119. Calculate the greatest common divisor of 140 and c.
14
Let r(l) = -l**2 - 8*l - 7. Let b be r(-5). Suppose h = -0*h - t + 7, -2*t = -h - b. Suppose 2*z - 45 = -9. Calculate the greatest common factor of h and z.
2
Let p = -4 - -4. Suppose 5*g + 9 - 74 = p. Let x be (78/(-4))/(6/(-16)). What is the greatest common factor of x and g?
13
Let w(i) = -i**3 - 7*i**2 - 8*i - 3. Let a be w(-6). Calculate the greatest common factor of a and 3.
3
Let v(s) = 127*s**2 + 12*s - 4. Let h be v(2). Calculate the highest common divisor of 48 and h.
48
Let c be ((-27)/(-6))/((-5)/(-50)). Calculate the highest common factor of 15 and c.
15
Let u(r) = r**2 + 10*r - 12. Let m be u(-14). Let v be ((-2)/(-3))/((-2)/(-33)). What is the greatest common divisor of v and m?
11
Let h(u) = -10*u**2 + 7*u + u**3 + 6 + 6 + 3*u. Let b be h(9). Let y(o) = 2*o**2 - 2*o - 1. Let k be y(-1). What is the greatest common factor of b and k?
3
Let x = -4 - -6. Let m = x + -2. Let h be 5 + (1 + m)/1. Calculate the greatest common divisor of h and 15.
3
Suppose 4*p - 3*c = 5, -22 = -3*p - 2*c + 3. Suppose m = 4*m - 60. Suppose -m = -7*y + 4*y + 5*v, -y - p*v = 0. Calculate the highest common factor of y and 55.
5
Let w be 4 + 1 + (-2)/1. Let l(u) = -u**3 + u**2 + 2*u + 4. Let s be l(w). Let g be 0/(-2) - s/1. Calculate the highest common divisor of g and 32.
8
Let p = -45 + 66. Calculate the highest common divisor of 14 and p.
7
Let l = -111 + 183. Let d(i) = -i. Let u be d(-3). Let k = 11 - u. Calculate the greatest common factor of l and k.
8
Let h(w) = w**2 + 7*w - 5. Suppose -4 = i + 4. Let k be h(i). Suppose 0*l = -4*l + 8. Calculate the greatest common factor of k and l.
1
Suppose -k + 0*k + 155 = 0. Suppose 0 = 3*f - 5*f + 124. Calculate the greatest common divisor of k and f.
31
Let x be (-1)/(-2)*6 + 37. What is the greatest common divisor of 8 and x?
8
Let q be (7628/(-6))/((-4)/6). Let g be 4/(-10) - q/(-5). Suppose x = -2*k + 370, -4*k + x + g = -371. What is the highest common divisor of k and 17?
17
Let f = 9 - -7. Let l be 105/14*4/(-3). Let v be (0 + 264)/((-15)/l). Calculate the highest common factor of v and f.
16
Let n(i) = 10*i**2 - i. Let d(q) = q**3 + 2*q**2 + 2*q + 3. Let u be d(-2). Let l be n(u). What is the highest common factor of 44 and l?
11
Let j = -25 + 50. Let u be 1 + (1 - (2 + -25)). Calculate the highest common factor of j and u.
25
Let d = 7 - 3. Suppose -4 = -d*y + 32. Calculate the highest common factor of 45 and y.
9
Suppose 39*g - 31*g - 64 = 0. Calculate the greatest common divisor of g and 16.
8
Let t = -72 + 76. Suppose 0*f = -f + 20. Calculate the greatest common factor of t and f.
4
Let b be (-12)/10*(-40 + 0). Suppose 10*p - 69 + 9 = 0. What is the greatest common factor of b and p?
6
Let z(b) = 3*b - 12. Let g be z(6). Let v be (-2)/(-4) + 45/g. Let d = -1 - -2. What is the greatest common factor of v and d?
1
Let w = -6 + 8. Suppose 5*n - 23 - w = 0. Suppose 0 = 3*o - o - 3*r - 56, 3*r - 98 = -n*o. Calculate the greatest common divisor of 2 and o.
2
Let b(g) be the second derivative of 23*g**4/12 - g**3/6 - g. Let t be b(2). What is the greatest common divisor of t and 10?
10
Suppose 2*x - 42 = -z, -2*z = -4*z - 2*x + 90. Calculate the greatest common divisor of z and 6.
6
Let o be (-6)/(-1)*(-6 + 7). What is the greatest common factor of o and 15?
3
Let v be (-90)/(-21)*(-63)/(-3). Calculate the highest common factor of 18 and v.
18
Let v = 206 - 84. Let j = -82 + v. Let x(i) = -7*i**3 - 2*i - 1. Let q be x(-1). Calculate the greatest common factor of q and j.
8
Let b = -238 - -414. Suppose -2*z + 13 + 31 = 0. Suppose 5*c - 2*d - 74 = 0, 2*c - 3*c + z = 2*d. What is the highest common divisor of c and b?
16
Let s = 10 - 6. Let w = -2 + s. Suppose -2*d = -v + 62, -21 = -2*v + w*d + 97. What is the greatest common divisor of v and 14?
14
Suppose -2*q + 2*g = -7*q + 60, 30 = 5*q - 4*g. Calculate the greatest common divisor of 4 and q.
2
Let b = 4 + 0. Let u be (-20)/30 - (-100)/6. What is the greatest common factor of u and b?
4
Let v = 26 - 22. Suppose 7*f - v*f - 36 = 0. Let x be (-3)/((-1)/(-12)*-2). What is the greatest common factor of f and x?
6
Suppose -3*o + 7 = -5*k, 5*o - 25 = -7*k + 2*k. What is the highest common divisor of 12 and o?
4
Let n be 14/21*462/4. What is the greatest common divisor of 11 and n?
11
Let f(a) = -6*a**3 + a**2 - 2*a - 4. Let p be f(-2). Calculate the highest common factor of 4 and p.
4
Suppose 0 = -t + 4*w + 132, -10*w - 9 = -7*w. What is the highest common factor of 24 and t?
24
Let v(z) = z**2 - 9*z + 9. Suppose k = 5*k - 32. Let p be v(k). What is the highest common divisor of p and 1?
1
Let f be 1*-3*14/(-1). Let t be (-340)/6*3 + 1. Let r = -106 - t. Calculate the highest common divisor of r and f.
21
Let k be 8 + 0 - (1 - -1). Let c(b) = 3*b**2 - 2*b + 1. Let u be c(k). Suppose u = 2*m + i, 6 - 2 = 4*i. What is the highest common factor of m and 12?
12
Suppose 0 = -0*v - 3*v + 3. What is the highest common divisor of v and 7?
1
Suppose 1 = y - 8. Suppose -n = 78 + 38. Let r be -2 + 0 + n/(-4). What is the greatest common divisor of y and r?
9
Suppose 0 = 3*i - 29 - 55. Suppose -13*t - 756 = -16*t. What is the highest common divisor of i and t?
28
Let n(b) = 9*b**2 - 4*b - 14. Let r be n(6). What is the greatest common divisor of r and 26?
26
Suppose -2*t = 3*t - 20. Suppose z + p - 3*p = 65, -5*z - t*p = -353. Calculate the greatest common divisor of 46 and z.
23
Let l be 93/18*9*2. What is the highest common factor of l and 31?
31
Sup